--
-- Host: localhost    Database: pinangli_db
-- ------------------------------------------------------


--
-- Table structure for table `agama`
--

CREATE TABLE `agama` (
  `id_agama` int(10) NOT NULL AUTO_INCREMENT,
  `nm_agama` varchar(10) NOT NULL,
  PRIMARY KEY (`id_agama`)
) ENGINE=MyISAM AUTO_INCREMENT=7 DEFAULT CHARSET=latin1;

--
-- Dumping data for table `agama`
--

INSERT INTO `agama` (`id_agama`, `nm_agama`) VALUES (1,'ISLAM'),(2,'KRISTEN'),(4,'HINDU'),(5,'BUDHA'),(6,'KHONGHUCU');

--
-- Table structure for table `agenda`
--

CREATE TABLE `agenda` (
  `id_agenda` int(10) NOT NULL AUTO_INCREMENT,
  `tema_agenda` varchar(200) NOT NULL,
  `tanggal_post` date NOT NULL,
  `status_admin` varchar(10) NOT NULL,
  PRIMARY KEY (`id_agenda`)
) ENGINE=MyISAM AUTO_INCREMENT=19 DEFAULT CHARSET=latin1;

--
-- Dumping data for table `agenda`
--

INSERT INTO `agenda` (`id_agenda`, `tema_agenda`, `tanggal_post`, `status_admin`) VALUES (12,'Peringatan Maulid Nabi Besar Muhammad SAW 1438 H, Pada tanggal 26 Februari 2017','2017-02-10','admin04'),(13,'Peluncuran Database Informasi Kependudukan Berbasis Web RT.04 RW.05 Ratujaya, Pada Bulan Maret 2017','2017-03-07','admin04'),(15,'contoh','2017-03-21','adminrw05'),(16,'tes','2017-03-21','adminrw05'),(17,'yuhu','2017-03-21','adminrw05'),(18,'coba','2017-03-21','adminrw05');

--
-- Table structure for table `artikel`
--

CREATE TABLE `artikel` (
  `id_artikel` int(10) NOT NULL AUTO_INCREMENT,
  `judul_artikel` text NOT NULL,
  `isi_artikel` text NOT NULL,
  `tanggal_update_artikel` date NOT NULL,
  `gambar_artikel` text NOT NULL,
  `penulis` varchar(40) NOT NULL,
  `status_admin` varchar(10) NOT NULL,
  PRIMARY KEY (`id_artikel`)
) ENGINE=MyISAM AUTO_INCREMENT=31 DEFAULT CHARSET=latin1;

--
-- Dumping data for table `artikel`
--

INSERT INTO `artikel` (`id_artikel`, `judul_artikel`, `isi_artikel`, `tanggal_update_artikel`, `gambar_artikel`, `penulis`, `status_admin`) VALUES (11,'PARTISIPASI MENJAGA CILIWUNG','<p>Sore hari pada tanggal 11 Desember 2016. kami Forum Komunikasi Kegiatan Pemuda (FKKP) Rt.04/05 mengadakan&nbsp; Patroli Sungai Ciliwung dengan anggota sebanyak 14 orang. dengan tujuan kami mengontrol kondisi sungai ciliwung seperi Limbah Sampah. Kaami bekerja sama dengan SekBer Sahabat Ciliwung yang di Ketuai oleh Bapak Hidayat.</p>\r\n\r\n<p>Pada saat kita mengarungi Sungai Ciliwung kami mangalami banyak permasalahan, seperti ketua FKKP Achmad Syarif kami yang mengalami cidera keram otot perut, sehingga beliau tidak bisa meneruskan perjalanan Patroli Ciliwung, kami sisa 13 anggota yang meneruskan perjalanan sampai GDC markas komunitas ciliwung.</p>\r\n\r\n<p>Sepanjang perjalanan kami mengarungi ciliwung, kami menemukan beberapa titik pembuangan sampah di bantaran sungai ciliwung dan tidak hanya itu, kami pun menemukan 2 pabrik tahu yang membuang limbahnya ke sungai ciliwung. semoga dengan artikel yang kami buat ini dapat menyadarkan masyarakat bantaran ciliwung untuk melarang pembuangan sampah dan limbah lainnya di bantaran sungai ciliwung agar alam kita bersih tidak tercemar limbah dan terhindar dari banjir. Terimakasih.</p>\r\n','2017-03-08','15492345_1359179060781966_2773463131222433543_n.jpg','Galang Prakoso','admin04'),(15,'Tower PLN Ciri khas wilayah Rt.04/05 Ratujaya','<p>Untuk menemukan wilayah Rt.04/05 Ratujaya sangatlah mudah, bagi masyarakat yg tidak tahu akan keberadaan wilayah Rt.04 cukup melihat posisi Tower PLN di daerah Rw.05 Ratujaya.</p>\r\n\r\n<p>Tepat di bawah Tiang Tower PLN tersebut terletak rumah Ketua Rt.04/05 Bapak Mursyid Latief.</p>\r\n','2017-03-13','IMG_20170205_183354_988.jpg','M.Sufi Setyo W','admin04'),(28,'CONTOH 2','<p><strong>Nabi Muhammad SAW</strong> adalah nikmat terbesar dan anugerah teragung yang Allah berikan kepada alam semesta. Ketika manusia saat itu berada dalam kegelapan syirik, kufur, dan tidak mengenal Rabb pencipta mereka. Manusia mengalami krisis spiritual dan moral yang luar biasa. Nilai-nilai kemanusiaan sudah terbalik. Penyembahan terhadap berhala-berhala suatu kehormatan, perzinaan suatu kebanggaan, mabuk dan berjudi adalah kejantanan, dan merampok serta membunuh adalah suatu keberanian. Di saat seperti ini rahmat ilahi memancar dari jazirah Arab. Allah mengutus seorang Rasul yang ditunggu oleh alam semesta untuk menghentikan semua kerusakan ini dan membawanya kepada cahaya ilahi.</p>\r\n\r\n<p><em>Sungguh Allah telah memberi karunia kepada orang-orang yang beriman ketika Allah mengutus diantara mereka seorang Rasul dari golongan mereka sendiri, yang membacakan kepada mereka ayat-ayat Allah, membersihkan (jiwa) mereka, dan mengajarkan kepada mereka Al kitab dan Al hikmah. dan Sesungguhnya sebelum (kedatangan Nabi) itu, mereka adalah benar-benar dalam kesesatan yang nyata.</em></p>\r\n\r\n<p>Kelahiran makhluk mulia yang ditunggu jagad raya membuat alam tersenyum, gembira dan memancarkan cahaya. Penyair Ahmad Syauqi menggambarkan kelahiran Nabi Mulia itu dalam syairnya yang indah:</p>\r\n\r\n<p>Karena Kecintaan pada Rasullulah itulah maka pada Hari Minggu pagi tanggal 26 Februari 2017 bertempat di gedung Majlis Taklim Hidayatul Muttaqin warga Rt.04/05 Ratujaya mengadakan acara Peringatan Maulid Nabi Besar Muhammad SAW. Acara berlangsung cukup meriah karena dihadiri oleh para Pejabat dan Tokoh-tokoh Agama Daerah Ratujaya di tambah dengan undangan Ibu-ibu Pengajian dari berbagai Rt dan Rw.</p>\r\n\r\n<p>Acara Maulid yang kali ini di Ketuai oleh Bapak Ahmad Darmanto berjalan lancar dari awal hingga penghujung acara, para panitia bahu membahu untuk mensukseskan acara tersebut. Pada puncak acara yaitu ceramah agama yang diabawakan oleh KH.Roby Dongkal terlihat para hadirin sangat antusias bergembira mendengarkan isi dari tausiah tersebut.</p>\r\n\r\n<p><strong>Arti maulid nabi</strong><br />\r\nSeperti yang dijelaskan sebelumnya, maulid sama halnya dengan milad yang artinya hari lahir. Jadi, maulid nabi bisa diartikan sebagai hari lahir Baginda Rasulullah Muhammad SAW.<br />\r\n<br />\r\n<strong>Makna maulid nabi</strong><br />\r\nDengan adanya seremonial maulid nabi, umat Islam diharapkan bisa mengingat kembali betapa gigih perjuangan rasul dalam merintis dan mengembangkan ajaran Islam di tengah tradisi dan budaya Arab yang waktu itu dalam keadaan jahiliyah.<br />\r\n<br />\r\nSatu hal yang harus dilakukan umat Muslim ketika merayakan maulid nabi adalah meneladani sikap dan perbuatan, terutama akhlak mulia nan agung dari baginda nabi besar Muhammad saw.</p>\r\n','2018-03-20','DSC_0480.JPG','','adminrw05'),(22,'Maulid Nabi Besar Muhammad SAW 26 Februari 2017','<p><strong>&nbsp;&nbsp;&nbsp;&nbsp;&nbsp; Nabi Muhammad SAW</strong> adalah nikmat terbesar dan anugerah teragung yang Allah berikan kepada alam semesta. Ketika manusia saat itu berada dalam kegelapan syirik, kufur, dan tidak mengenal Rabb pencipta mereka. Manusia mengalami krisis spiritual dan moral yang luar biasa. Nilai-nilai kemanusiaan sudah terbalik. Penyembahan terhadap berhala-berhala suatu kehormatan, perzinaan suatu kebanggaan, mabuk dan berjudi adalah kejantanan, dan merampok serta membunuh adalah suatu keberanian. Di saat seperti ini rahmat ilahi memancar dari jazirah Arab. Allah mengutus seorang Rasul yang ditunggu oleh alam semesta untuk menghentikan semua kerusakan ini dan membawanya kepada cahaya ilahi.</p>\r\n\r\n<p><em>Sungguh Allah telah memberi karunia kepada orang-orang yang beriman ketika Allah mengutus diantara mereka seorang Rasul dari golongan mereka sendiri, yang membacakan kepada mereka ayat-ayat Allah, membersihkan (jiwa) mereka, dan mengajarkan kepada mereka Al kitab dan Al hikmah. dan Sesungguhnya sebelum (kedatangan Nabi) itu, mereka adalah benar-benar dalam kesesatan yang nyata.</em></p>\r\n\r\n<p>Kelahiran makhluk mulia yang ditunggu jagad raya membuat alam tersenyum, gembira dan memancarkan cahaya. Penyair Ahmad Syauqi menggambarkan kelahiran Nabi Mulia itu dalam syairnya yang indah:</p>\r\n\r\n<p>Karena Kecintaan pada Rasullulah itulah maka pada Hari Minggu pagi tanggal 26 Februari 2017 bertempat di gedung Majlis Taklim Hidayatul Muttaqin warga Rt.04/05 Ratujaya mengadakan acara Peringatan Maulid Nabi Besar Muhammad SAW. Acara berlangsung cukup meriah karena dihadiri oleh para Pejabat dan Tokoh-tokoh Agama Daerah Ratujaya di tambah dengan undangan Ibu-ibu Pengajian dari berbagai Rt dan Rw.</p>\r\n\r\n<p>Acara Maulid yang kali ini di Ketuai oleh Bapak Ahmad Darmanto berjalan lancar dari awal hingga penghujung acara, para panitia bahu membahu untuk mensukseskan acara tersebut. Pada puncak acara yaitu ceramah agama yang diabawakan oleh KH.Roby Dongkal terlihat para hadirin sangat antusias bergembira mendengarkan isi dari tausiah tersebut.</p>\r\n\r\n<p><strong>Arti maulid nabi</strong><br />\r\nSeperti yang dijelaskan sebelumnya, maulid sama halnya dengan milad yang artinya hari lahir. Jadi, maulid nabi bisa diartikan sebagai hari lahir Baginda Rasulullah Muhammad SAW.<br />\r\n<br />\r\n<strong>Makna maulid nabi</strong><br />\r\nDengan adanya seremonial maulid nabi, umat Islam diharapkan bisa mengingat kembali betapa gigih perjuangan rasul dalam merintis dan mengembangkan ajaran Islam di tengah tradisi dan budaya Arab yang waktu itu dalam keadaan jahiliyah.<br />\r\n<br />\r\nSatu hal yang harus dilakukan umat Muslim ketika merayakan maulid nabi adalah meneladani sikap dan perbuatan, terutama akhlak mulia nan agung dari baginda nabi besar Muhammad saw.</p>\r\n','2017-03-08','Ibu2 pkk.JPG','A. Sunjaya','admin04'),(23,'Peringatan Hari Sumpah Pemuda ','<p><strong><em>Kami poetra dan poetri Indonesia, mengakoe bertoempah darah jang satoe, tanah Indonesia.</em><br />\r\n<em>Kami poetra dan poetri Indonesia mengakoe berbangsa jang satoe, bangsa Indonesia.</em><br />\r\n<em>Kami poetra dan poetri Indonesia mendjoendjoeng bahasa persatoean, bahasa Indonesia.</em></strong></p>\r\n\r\n<p>Tiga kalimat monumental, berejaan Van Ophuysen tersebut, merupakan keputusan Kongres Pemuda Indonesia Kedua yang diselenggarakan di Batavia (Jakarta), tanggal 27-28 Oktober 1928. Ikrar dimaksud, hasil kongres yang dipimpin Soegondo Djojopoespito, beliau berusia 23 tahun, seolah-olah meneguhkan semangat untuk meraih kemerdekaan suatu bangsa.</p>\r\n\r\n<p>Setiap tanggal 28 Oktober kita selalu merayakan<em> peringatan Hari Sumpah Pemuda (HSP).</em> Peringatan tersebut mengingatkan bangsa Indonesia terhadap sejarah perjuangan seluruh elemen pemuda Indonesia yang telah menebar semangat menjaga jiwa patriotisme dan berhasil menyatukan visi kebangsaan, yang melahirkan sebuah komitmen kebangsaan yaitu bertumpah darah satu tanah air Indonesia, berbangsa satu bangsa Indonesia, dan menjunjung bahasa persatuan bahasa Indonesia. Sebagaimana yang kita kenal hingga saat ini sebagai Sumpah Pemuda 1928, dengan mempersatukan pemuda Indonesia untuk memperjuangkan kemerdekaan Republik Indonesia.</p>\r\n\r\n<p>Pada tanggal 30 Oktober 2016 malam, warga Rt.04/05 Ratujaya mengadakan acara peringatan Hari Sumpah Pemuda. Acara yang di prakarsai oleh para Pemuda Rt.04 ini sangatlah meriah, dengan berbagai macam acara dilakukan oleh semua warga dari lomba Jalan Sehat sampai dengan acara puncak yaitu Panggung Hiburan Seni dan Budaya.</p>\r\n\r\n<p>Acara Sumpah Pemuda kali ini di Ketuai oleh Saudari Vira Afrizal yang cukup cekatan menggalang pemuda pemudi Rt.04 untuk mensukseskan acara tersebut, tak lupa para senior FKKP 04 juga terjun langsung dalam membantu dan membimbing yang muda. Terlihat kolaborasi antara pemuda, Pengurus Rt, Ibu-ibu PKK dan semua warga Rt.04 sangat kompak terbukti dengan suksesnya acara tersebut, sebagai pusat perhatian dari semua warga Rw.05 Ratujaya para pemuda FKKP 04 menampilkan persatuan dan kesatuan untuk mengisi acara Sumpah Pemuda dengan berbagai kegiatan.</p>\r\n\r\n<p>Secara umum makna sumpah pemuda iyalah:</p>\r\n\r\n<p>1. Menyalakan api semangat dalam meraih prestasi, yaitu semangat untuk belajar agar prestasi dapat kita raih.</p>\r\n\r\n<p>2. Meninggkatkan silaturahmi dan solidaritas antar pemuda maupun masyarakat dilingkungan Rt.04/05.</p>\r\n\r\n<p>3. Memberikan gambaran apabila ada keinginan maka akan ada jalan sehingga kita tak perlu takut untuk bermimpi.&nbsp;</p>\r\n\r\n<p>4. Selain itu dimasa yang serba modern ini kita harus berfikir kritis dalam menanggapi masalah layaknya para pemuda dulu yang berfikir cepat untuk menentukan persiapan merebut kemerdekaan.</p>\r\n\r\n<p>5. Mengenang dan meneladani semangat juang pemuda pada waktu itu dalam memperjuangkan kemerdekaan.</p>\r\n\r\n<p>6. Mengetahui tekad bersatu mereka yang amat basar.</p>\r\n\r\n<p>Demikianlah beberapa teladan positive yang dapat kita ambil dari adanya peringatan hari Sumpah Pemuda. Apakah anda sudah meneladani hal baik tersebut? Marilah kita bersama-sama menjadikan hari ini sebagai awal yang baik untuk mewujudkan cita-cita negara yaitu sebagai negara yang merdeka dengan bangsa yang cinta tanah air dan segala suku bangsa serta bahasanya.</p>\r\n\r\n<p>Mungkin hanya ini yang dapat saya sampaikan. Dan ingat Sumpah Pemuda itu bukan hanya di ucapkan tapi juga untuk diterapkan dalam kehidupan berbangsa dan bernegara. Terima kasih</p>\r\n','2017-12-13','sumpah-pemuda_20171028_125116.jpg','Ahmad Syarif','admin04'),(25,'Pelantikan Organisasi Pemuda RT.04/05 (FKKP)','<p>Tanggal 17-18 Desember 2016. Pelantikan dan Pengukuhan Anggota Muda FKKP RT.04/05 Ratu Jaya</p>\r\n\r\n<p>&nbsp;&nbsp;&nbsp;&nbsp;&nbsp;&nbsp;&nbsp;&nbsp;&nbsp;&nbsp;&nbsp; Hari sabtu &ndash; minggu Forum Komunikasi Kegiatan Pemuda (FKKP) RT.04/05 Ratu Jaya mengadakan pelantikan dan pengukuhan anggota muda angkatan tahun 2016, maksud dan tujuan kami melantik remaja di lingkungan RT.04/05 untuk merangkul remaja untuk mengenal Organisasi.</p>\r\n\r\n<p>&nbsp;&nbsp;&nbsp;&nbsp;&nbsp;&nbsp;&nbsp;&nbsp;&nbsp;&nbsp;&nbsp; Sabtu pukul 09.00 WIB. Kami kumpul bersama di depan rumah Bpk.RT.04/05 (Bpk Mursyid Latief) untuk ber do&rsquo;a agar di beri keselamatan selama di perjalanan dan Kami berangkat Menuju Cilember</p>\r\n\r\n<p>&nbsp;&nbsp;&nbsp;&nbsp;&nbsp;&nbsp;&nbsp;&nbsp;&nbsp;&nbsp;&nbsp; Sabtu pukul 12.00 WIB kami sampai di villa Andre, kami pun langsung istirahat sampai pukul 15.00 WIB, selesai beristirahat kami langsung bergegas menuju Curug 5 untuk melantik anggota muda, tidak mudah untuk sampai di Curug 5, karna panitia menyiapkan rintangan sepanjang perjalanan dan alhamdulilah semua rintangan bisa teratasi oleh peserta, sehingga peserta berhak mendapatkan penghargaan dalam bentuk PIN dan Sertifikat.</p>\r\n\r\n<p>&nbsp;&nbsp;&nbsp;&nbsp;&nbsp;&nbsp;&nbsp;&nbsp;&nbsp;&nbsp;&nbsp; Sabtu pukul 21.00 WIB. Malam hari kami melanjutkan kegiatan yaitu pembagiaan materi yang di pimpin oleh Bapak Darmanto (Staf RT.04/05) walaupun peserta terlihat lelah akan tetapi mereka tetap semangat untuk mendengarkan materi yang berisi pembelajaran tentang ber Organisasi .</p>\r\n\r\n<p>&nbsp;&nbsp;&nbsp;&nbsp;&nbsp;&nbsp;&nbsp;&nbsp;&nbsp;&nbsp;&nbsp; Minggu pukul 08.00 WIB. Seluruh anggota yang mengikuti pelantikan wajib untuk olah raga dalam bentuk futsal, Remaja melawan Bapak2. Selesai kami separing Futsal langsung di lanjutkan dengan lomba renang dan mencari koin di dalam air, selesai kegiatan kita prepare untuk kembali pulang kerumah masing2.</p>\r\n\r\n<p><strong>Pesan </strong></p>\r\n\r\n<p>&nbsp;&nbsp;&nbsp;&nbsp;&nbsp;&nbsp;&nbsp;&nbsp;&nbsp;&nbsp;&nbsp; Kami panitia pelaksana mengucapkan banyak terimakasih untuk peserta yang telah mengikuti pelantikan dan pengukuhan anggota muda angkatan tahun 2016. Kami pun banyak mengucapkan banyak terimakasih kepada partisipan dan Staf RT.04/05 yang telah membantu kegiatan Pelantikan dan Pengukuhan Anggota Muda FKKP Angkatan Tahun 2016.</p>\r\n','2017-12-13','IMG-20170308-WA0023.jpg','Galang Prakoso','admin04'),(27,'CONTOH 1','<p>jiwa patriotisme dan berhasil menyatukan visi kebangsaan, yang melahirkan sebuah komitmen kebangsaan yaitu bertumpah darah satu tanah air Indonesia, berbangsa satu bangsa Indonesia, dan menjunjung bahasa persatuan bahasa Indonesia. Sebagaimana yang kita kenal hingga saat ini sebagai Sumpah Pemuda 1928, dengan mempersatukan pemuda Indonesia untuk memperjuangkan kemerdekaan Republik Indonesia.</p>\r\n\r\n<p>Pada tanggal 30 Oktober 2016 malam, warga Rt.04/05 Ratujaya mengadakan acara peringatan Hari Sumpah Pemuda. Acara yang di prakarsai oleh para Pemuda Rt.04 ini sangatlah meriah, dengan berbagai macam acara dilakukan oleh semua warga dari lomba Jalan Sehat sampai dengan acara puncak yaitu Panggung Hiburan Seni dan Budaya.</p>\r\n\r\n<p>Acara Sumpah Pemuda kali ini di Ketuai oleh Saudari Vira Afrizal yang cukup cekatan menggalang pemuda pemudi Rt.04 untuk mensukseskan acara tersebut, tak lupa para senior FKKP 04 juga terjun langsung dalam membantu dan membimbing yang muda. Terlihat kolaborasi antara pemuda, Pengurus Rt, Ibu-ibu PKK dan semua warga Rt.04 sangat kompak terbukti dengan suksesnya acara tersebut, sebagai pusat perhatian dari semua warga Rw.05 Ratujaya para pemuda FKKP 04 menampilkan persatuan dan kesatuan untuk mengisi acara Sumpah Pemuda dengan berbagai kegiatan.</p>\r\n','2018-03-09','Lighthouse.jpg','','adminrw05'),(29,'CV MUTIARA','<p>ngetes aja</p>\r\n','2020-06-08','pom.jpg','ADI SUWANTO','adminirmus'),(30,'UNDANG-UNDANG DESA NO.6 TAHUN 2014','<p>kEWENANGAN DESA</p>\r\n','2020-06-08','UU NO 06 TAHUN 2014 TENTANG DESA.pdf','Publikasi','adminirmus');

--
-- Table structure for table `data_warga`
--

CREATE TABLE `data_warga` (
  `id_warga` int(10) NOT NULL AUTO_INCREMENT,
  `nokk` varchar(17) NOT NULL,
  `nik` varchar(17) NOT NULL,
  `alamat` text NOT NULL,
  `nama_warga` varchar(50) NOT NULL,
  `ktp` varchar(5) NOT NULL,
  `id_jenis_k` int(10) NOT NULL,
  `tempat_lahir` varchar(20) NOT NULL,
  `id_agama` varchar(10) NOT NULL,
  `id_pekerjaan` int(10) NOT NULL,
  `no_rumah` varchar(4) NOT NULL,
  `id_status_r` int(10) NOT NULL,
  `id_status_per` int(10) NOT NULL,
  `tanggal_lahir` varchar(12) NOT NULL,
  `id_pendidikan` int(10) NOT NULL,
  `id_kewarganegaraan` varchar(3) NOT NULL,
  `tanggal_update` varchar(12) NOT NULL,
  `id_penghuni` int(10) NOT NULL,
  `id_status_hub` int(10) NOT NULL,
  `id_status_d` int(10) NOT NULL,
  `foto_warga` text NOT NULL,
  `foto_denah` text NOT NULL,
  `status_admin` varchar(10) NOT NULL,
  PRIMARY KEY (`id_warga`)
) ENGINE=MyISAM AUTO_INCREMENT=663 DEFAULT CHARSET=latin1;

--
-- Dumping data for table `data_warga`
--

INSERT INTO `data_warga` (`id_warga`, `nokk`, `nik`, `alamat`, `nama_warga`, `ktp`, `id_jenis_k`, `tempat_lahir`, `id_agama`, `id_pekerjaan`, `no_rumah`, `id_status_r`, `id_status_per`, `tanggal_lahir`, `id_pendidikan`, `id_kewarganegaraan`, `tanggal_update`, `id_penghuni`, `id_status_hub`, `id_status_d`, `foto_warga`, `foto_denah`, `status_admin`) VALUES (46,'3276010812070172','akun','Desa Muara Bakti','Mutiara Customer','SUDAH',1,'Bekasi','1',8,'122',1,1,'umum',3,'1','12-12-2020',1,3,1,'','122 Galang Prakoso.jpg','admin04');

--
-- Table structure for table `edukasi`
--

CREATE TABLE `edukasi` (
  `id_edukasi` int(5) NOT NULL AUTO_INCREMENT,
  `kategori_edukasi` varchar(20) NOT NULL,
  `judul_edukasi` varchar(50) NOT NULL,
  `file_edukasi` text NOT NULL,
  `status_admin` varchar(10) NOT NULL,
  PRIMARY KEY (`id_edukasi`)
) ENGINE=InnoDB AUTO_INCREMENT=19 DEFAULT CHARSET=latin1;

--
-- Dumping data for table `edukasi`
--

INSERT INTO `edukasi` (`id_edukasi`, `kategori_edukasi`, `judul_edukasi`, `file_edukasi`, `status_admin`) VALUES (1,'Cerita','Kisah si Kancil Mencuri Mentimun','20180318154802Kisah si Kancil Mencuri Mentimun.pdf','admin04'),(2,'Cerita','Aryo Menak dan Tujuh Bidadari','20180317050844Aryo Menak dan Tujuh Bidadari.pdf','admin04'),(3,'Cerita','Asal Mula Pulau Tobelo','20180317050908Asal Mula Pulau Tobelo.pdf','admin04'),(4,'Cerita','Dongeng Seekor Nyamuk','20180317050951Dongeng Seekor Nyamuk.pdf','admin04'),(5,'Cerita','Dongeng Rubah kecil Yang Tidak Sabaran','20180317051023Dongeng Rubah kecil Yang Tidak Sabaran.pdf','admin04'),(6,'Cerita','Gajah Yang Baik Hati','20180317051111Gajah Yang Baik Hati.pdf','admin04'),(7,'Cerita','Legenda Batu Menangis','20180317051226Legenda Batu Menangis.pdf','admin04'),(8,'Cerita','Si Kancil dan Buaya','20180317051309Si Kancil dan Buaya.pdf','admin04'),(9,'Cerita','Si Pitung Jagoan Betawi','20180317051339Si Pitung Jagoan Betawi.pdf','admin04'),(10,'Cerita','Seekor Anak Singa','20180317051409Seekor Anak Singa.pdf','admin04'),(11,'Religi','Bacaan Doa untuk Anak','20180317051446Bacaan Doa untuk Anak.pdf','admin04'),(12,'Religi','Sejarah Islam','20180317051505Sejarah Islam.pdf','admin04'),(13,'Religi','Tata Cara BerWudhu','20180317051520Tata Cara BerWudhu.pdf','admin04'),(14,'Religi','Tata Cara Shalat dan bacaan Shalat','20180317051534Tata Cara Shalat dan bacaan Shalat.pdf','admin04'),(15,'pengetahuan','Pengetahuan Umum Bumi dan Alam Semesta','20180317051554Pengetahuan Umum Bumi dan Alam Semesta.pdf','admin04'),(16,'pengetahuan','Pengetahuan Umum Dunia','20180317051608Pengetahuan Umum Dunia.pdf','admin04'),(17,'pengetahuan','Pengetahuan Umum Indonesia','20180317051623Pengetahuan Umum Indonesia.pdf','admin04'),(18,'pengetahuan','Rumus Matematika Dasar','20180317051637Rumus Matematika Dasar.pdf','admin04');

--
-- Table structure for table `edukasi_anak`
--

CREATE TABLE `edukasi_anak` (
  `id_edukasi` int(10) NOT NULL AUTO_INCREMENT,
  `kategori_edukasi` varchar(15) NOT NULL,
  `isi_edukasi` text NOT NULL,
  `status_admin` varchar(10) NOT NULL,
  PRIMARY KEY (`id_edukasi`)
) ENGINE=MyISAM AUTO_INCREMENT=120 DEFAULT CHARSET=latin1;

--
-- Dumping data for table `edukasi_anak`
--

INSERT INTO `edukasi_anak` (`id_edukasi`, `kategori_edukasi`, `isi_edukasi`, `status_admin`) VALUES (72,'pengetahuan','<p><a href=\"https://drive.google.com/open?id=0B953xaqpqmYQVFZZOG5LeWhQaG8\">Rumus Matematika</a></p>\r\n','admin04'),(73,'Religi','<p><a href=\"https://drive.google.com/open?id=0B953xaqpqmYQQTZfV2VabEJ5MWc\">Tata Cara Shallat &amp; Bacaan</a></p>\r\n','admin04'),(74,'Religi','<p><a href=\"https://drive.google.com/open?id=0B953xaqpqmYQQkhDZFJndjNzN3c\">Tata Cara Berwudhu</a></p>\r\n','admin04'),(75,'Religi','<p><a href=\"https://drive.google.com/open?id=0B953xaqpqmYQcm51X1ZFclF0d0U\">Bacaan Doa Anak</a></p>\r\n','admin04'),(76,'Religi','<p><a href=\"https://drive.google.com/open?id=0B953xaqpqmYQNENKSC03eUg1UEE\">Sejarah Umum Agama Islam</a></p>\r\n','admin04'),(118,'pengetahuan','<p><a href=\"https://drive.google.com/open?id=0B953xaqpqmYQc3lBYlNJb0pmcmM\">Pengetahuan Umum Indonesia</a></p>\r\n','admin04'),(78,'pengetahuan','<p><a href=\"https://drive.google.com/open?id=0B953xaqpqmYQUm9KNXpuUzY0cnc\">Pengetahuan Umum Dunia</a></p>\r\n','admin04'),(79,'pengetahuan','<p><a href=\"https://drive.google.com/open?id=0B953xaqpqmYQUEFiV0NJUm05NnM\">Pengetahuan Umum Bumi &amp; Alam Semesta</a></p>\r\n','admin04'),(80,'Cerita','<p><a href=\"https://drive.google.com/open?id=0B953xaqpqmYQMWdvbXBjRFJyVzQ\">Timun Mas</a></p>\r\n','admin04'),(81,'Cerita','<p><a href=\"https://drive.google.com/open?id=0B953xaqpqmYQTWNMYW10Wk0xNTA\">Tampe Ruma Sani</a></p>\r\n','admin04'),(82,'Cerita','<p><a href=\"https://drive.google.com/open?id=0B953xaqpqmYQRk5tSWt3ZFN4VnM\">Pitung Jagoan Betawi</a></p>\r\n','admin04'),(83,'Cerita','<p><a href=\"https://drive.google.com/open?id=0B953xaqpqmYQRGhfR2JUcXJTS00\">Si Keledai</a></p>\r\n','admin04'),(84,'Cerita','<p><a href=\"https://drive.google.com/open?id=0B953xaqpqmYQbjNmUW1xdjJmTjQ\">Si Kancil dan Buaya</a></p>\r\n','admin04'),(85,'Cerita','<p><a href=\"https://drive.google.com/open?id=0B953xaqpqmYQMVpZX01NT3c0X0E\">Seekor Anak Singa</a></p>\r\n','admin04'),(86,'Cerita','<p><a href=\"https://drive.google.com/open?id=0B953xaqpqmYQaUxWNVE2QzF6V3M\">Sang Bangau dan Kera</a></p>\r\n','admin04'),(87,'Cerita','<p><a href=\"https://drive.google.com/open?id=0B953xaqpqmYQRE1sTzhheWFob28\">Sahabat Untuk Gabus</a></p>\r\n','admin04'),(88,'Cerita','<p><a href=\"https://drive.google.com/open?id=0B953xaqpqmYQcy1oQW1tc0R4X3M\">Pohon Apel</a></p>\r\n','admin04'),(89,'Cerita','<p><a href=\"https://drive.google.com/open?id=0B953xaqpqmYQU0hzWFR0ZksxTzA\">Peri Lyla</a></p>\r\n','admin04'),(90,'Cerita','<p><a href=\"https://drive.google.com/open?id=0B953xaqpqmYQSHZFanhibFFEcjQ\">Pangeran Sarif</a></p>\r\n','admin04'),(91,'Cerita','<p><a href=\"https://drive.google.com/open?id=0B953xaqpqmYQUzdKWWZ2ck0xYjA\">Nyai Anteh Sang Penunggu Bulan</a></p>\r\n','admin04'),(92,'Cerita','<p><a href=\"https://drive.google.com/open?id=0B953xaqpqmYQRlJDVC1FZDY5dTg\">Manusia Satu Kata</a></p>\r\n','admin04'),(93,'Cerita','<p><a href=\"https://drive.google.com/open?id=0B953xaqpqmYQdDc2bmh1N0NBT0E\">Malin Kundang</a></p>\r\n','admin04'),(94,'Cerita','<p><a href=\"https://drive.google.com/open?id=0B953xaqpqmYQTDNnXzVXOThLRVk\">Legenda Telaga Bidadari</a></p>\r\n','admin04'),(95,'Cerita','<p><a href=\"https://drive.google.com/open?id=0B953xaqpqmYQUklkcUx4MDJ6eWM\">Legenda Pulau Nusa</a></p>\r\n','admin04'),(96,'Cerita','<p><a href=\"https://drive.google.com/open?id=0B953xaqpqmYQaVAxR2N0M3NoZzQ\">Legenda Kamandaka</a></p>\r\n','admin04'),(97,'Cerita','<p><a href=\"https://drive.google.com/open?id=0B953xaqpqmYQWXd4NUR6d0VCZzQ\">Legenda Batu Menangis</a></p>\r\n','admin04'),(98,'Cerita','<p><a href=\"https://drive.google.com/open?id=0B953xaqpqmYQUFd3MVFPZlk3VEE\">Kancil Mencuri Mentimun</a></p>\r\n','admin04'),(99,'Cerita','<p><a href=\"https://drive.google.com/open?id=0B953xaqpqmYQRjhhRWV0QlZCTk0\">Kera dan Kura</a></p>\r\n','admin04'),(100,'Cerita','<p><a href=\"https://drive.google.com/open?id=0B953xaqpqmYQUnN0d1BEMHhlWm8\">Keong Mas</a></p>\r\n','admin04'),(101,'Cerita','<p><a href=\"https://drive.google.com/open?id=0B953xaqpqmYQdktuMDlYampFZnM\">Kelinci Pembohong</a></p>\r\n','admin04'),(102,'Cerita','<p><a href=\"https://drive.google.com/open?id=0B953xaqpqmYQbUZuX0lGNzd5d3c\">Kambing Tua Yang Bijaksana</a></p>\r\n','admin04'),(103,'Cerita','<p><a href=\"https://drive.google.com/open?id=0B953xaqpqmYQdzhVbmFPa3djRWc\">Kadal dan Ular Air</a></p>\r\n','admin04'),(104,'Cerita','<p><a href=\"https://drive.google.com/open?id=0B953xaqpqmYQZmFJZVJTRXhFRXM\">Hikayat Bunga Kemuning</a></p>\r\n','admin04'),(105,'Cerita','<p><a href=\"https://drive.google.com/open?id=0B953xaqpqmYQWkpZbHFuRWpNdjg\">Gajah Yang Baik Hati</a></p>\r\n','admin04'),(106,'Cerita','<p><a href=\"https://drive.google.com/open?id=0B953xaqpqmYQby0yYmNmYUVPRnM\">Dongeng Seekor Nyamuk</a></p>\r\n','admin04'),(107,'Cerita','<p><a href=\"https://drive.google.com/open?id=0B953xaqpqmYQNEpaX3lfcG9hOWc\">Dongeng Rubah Kecil</a></p>\r\n','admin04'),(108,'Cerita','<p><a href=\"https://drive.google.com/open?id=0B953xaqpqmYQU0Nvd090QjN2QVE\">Cinderella</a></p>\r\n','admin04'),(109,'Cerita','<p><a href=\"https://drive.google.com/open?id=0B953xaqpqmYQZXV4bnIwTW1pT1k\">Cindelaras dan Ayam Sakti</a></p>\r\n','admin04'),(110,'Cerita','<p><a href=\"https://drive.google.com/open?id=0B953xaqpqmYQb0N4cUVEQUpUNDQ\">Candi Prambanan</a></p>\r\n','admin04'),(111,'Cerita','<p><a href=\"https://drive.google.com/open?id=0B953xaqpqmYQZnpBWm1RTlAxMUk\">Asal Usul Telaga Warna</a></p>\r\n','admin04'),(112,'Cerita','<p><a href=\"https://drive.google.com/open?id=0B953xaqpqmYQc3ltbnFveEZzdTQ\">Asal Usul Gunung Tangkuban Perahu</a></p>\r\n','admin04'),(113,'Cerita','<p><a href=\"https://drive.google.com/open?id=0B953xaqpqmYQcnlvQWdmMVVUMG8\">Asal Usul Danau Toba</a></p>\r\n','admin04'),(114,'Cerita','<p><a href=\"https://drive.google.com/open?id=0B953xaqpqmYQN212VjZWeWtud2c\">Asal Usul Banyuwangi</a></p>\r\n','admin04'),(115,'Cerita','<p><a href=\"https://drive.google.com/open?id=0B953xaqpqmYQY1FLdVdPTTltc00\">Asal Mula Pulau Tobelo</a></p>\r\n','admin04'),(116,'Cerita','<p><a href=\"https://drive.google.com/open?id=0B953xaqpqmYQcTVHcW9rRk02bW8\">Aryo Menak dan 7 Bidadari</a></p>\r\n','admin04'),(117,'Cerita','<p><a href=\"https://drive.google.com/open?id=0B953xaqpqmYQY1ZmUG1fdk5Yb3M\">Anak Pipit dan Kera</a></p>\r\n','admin04');

--
-- Table structure for table `jenis_k`
--

CREATE TABLE `jenis_k` (
  `id_jenis_k` int(10) NOT NULL AUTO_INCREMENT,
  `nm_kelamin` varchar(20) NOT NULL,
  PRIMARY KEY (`id_jenis_k`)
) ENGINE=MyISAM AUTO_INCREMENT=3 DEFAULT CHARSET=latin1;

--
-- Dumping data for table `jenis_k`
--

INSERT INTO `jenis_k` (`id_jenis_k`, `nm_kelamin`) VALUES (1,'LAKI-LAKI'),(2,'PEREMPUAN');

--
-- Table structure for table `kategori_kegiatan`
--

CREATE TABLE `kategori_kegiatan` (
  `id_kategori` int(10) NOT NULL AUTO_INCREMENT,
  `nm_kategori` varchar(20) NOT NULL,
  PRIMARY KEY (`id_kategori`)
) ENGINE=MyISAM AUTO_INCREMENT=5 DEFAULT CHARSET=latin1;

--
-- Dumping data for table `kategori_kegiatan`
--

INSERT INTO `kategori_kegiatan` (`id_kategori`, `nm_kategori`) VALUES (1,'Kegiatan Rutin'),(2,'Remaja'),(3,'Rohani/Keagamaan'),(4,'Olahraga');

--
-- Table structure for table `kegiatan`
--

CREATE TABLE `kegiatan` (
  `id_kegiatan` int(10) NOT NULL AUTO_INCREMENT,
  `id_kategori` int(10) NOT NULL,
  `foto_kegiatan` text NOT NULL,
  `keterangan` text NOT NULL,
  `status_admin` varchar(10) NOT NULL,
  PRIMARY KEY (`id_kegiatan`)
) ENGINE=MyISAM AUTO_INCREMENT=198 DEFAULT CHARSET=latin1;

--
-- Dumping data for table `kegiatan`
--

INSERT INTO `kegiatan` (`id_kegiatan`, `id_kategori`, `foto_kegiatan`, `keterangan`, `status_admin`) VALUES (121,3,'1A.JPG','Lomba Adzan anak 2010','admin04'),(122,3,'2A.JPG','Lomba Adzan Anak 2010','admin04'),(6,1,'2.JPG','Family Gathring 2012','admin04'),(7,1,'3.jpg','17 Agustus 2016\r\n','admin04'),(8,1,'4.JPG','Family Gathering 2012','admin04'),(9,1,'5.JPG','Family Gathering 2012','admin04'),(10,1,'6.JPG','Family Gathering 2012\r\n','admin04'),(11,1,'7.JPG','Family Gathering 2012','admin04'),(12,1,'8.JPG','Family Gathering 2012','admin04'),(13,1,'9.JPG','Family Gathering 2012','admin04'),(14,1,'10.JPG','Family Gathering 2012\r\n','admin04'),(15,1,'11.JPG','Family Gathering 2012','admin04'),(16,1,'12.JPG','Family Gathering 2012','admin04'),(17,1,'13.JPG','Family Gathering 2012','admin04'),(18,1,'14.JPG','Family Gathering 2012','admin04'),(19,1,'15.JPG','Family Gathering 2012','admin04'),(20,1,'16.JPG','Family Gathering 2012','admin04'),(21,1,'17.JPG','Family Gathering 2012','admin04'),(22,1,'18.JPG','Family Gathering 2012','admin04'),(23,1,'19.JPG','Family Gathering 2012','admin04'),(24,1,'24.JPG','Family Gathering 2012','admin04'),(25,1,'20.JPG','Family Gathering 2014','admin04'),(26,1,'21.JPG','Family Gathering 2014','admin04'),(27,1,'22.JPG','Family Gathering 2014','admin04'),(28,1,'23.JPG','Family Gathering 2014\r\n','admin04'),(29,1,'25.JPG','Family Gathering 2014','admin04'),(30,1,'26.JPG','Sumpah Pemuda 2016\r\n','admin04'),(31,1,'27.JPG','Sumpah Pemuda 2016','admin04'),(32,1,'28.JPG','Sumpah Pemuda 2016','admin04'),(33,1,'29.JPG','Sumpah Pemuda 2016','admin04'),(34,1,'30.JPG','Sumpah Pemuda 2016\r\n','admin04'),(35,1,'31.JPG','Sumpah Pemuda 2016\r\n','admin04'),(36,1,'32.JPG','Sumpah Pemuda 2016\r\n','admin04'),(37,1,'33.JPG','Sumpah Pemuda 2016\r\n','admin04'),(38,1,'34.JPG','Sumpah Pemuda 2016','admin04'),(39,1,'35.JPG','Sumpah Pemuda 2016','admin04'),(40,1,'36.JPG','Sumpah Pemuda 2016','admin04'),(41,1,'37.JPG','Sumpah Pemuda 2016','admin04'),(42,1,'38.JPG','Sumpah Pemuda 2016','admin04'),(43,1,'39.JPG','Sumpah Pemuda 2016','admin04'),(44,1,'40.JPG','Sumpah Pemuda 2016','admin04'),(45,1,'41.JPG','Touring Curug Nangka 2013\r\n','admin04'),(46,1,'42.JPG','TPS Pemilu 2009\r\n','admin04'),(47,1,'43.jpg','17 Agustus 2016\r\n','admin04'),(48,1,'44.jpg','Rapat Pelantikan Remaja 2016\r\n','admin04'),(49,2,'1r.jpg','17 agustus 2016','admin04'),(50,1,'2r.jpg','17 Agustus 2016','admin04'),(51,2,'3r.JPG','Jalan Sehat 2011\r\n','admin04'),(52,2,'4r.jpg','Pelantikan Remaja 2012\r\n','admin04'),(53,2,'5r.jpg','Pelantikan Remaja 2012','admin04'),(54,2,'6r.jpg','Pelantikan Remaja 2012\r\n','admin04'),(55,2,'7r.jpg','17 Agustus 2009','admin04'),(56,2,'8r.jpg','17 Agustus 2010\r\n','admin04'),(57,2,'10r.jpg','17 Agustus 2012\r\n','admin04'),(58,2,'12r.jpg','17 Agustus 2012','admin04'),(59,2,'9r.jpg','Festival Remaja 2009','admin04'),(60,2,'11r.jpg','Festival Remaja 2009','admin04'),(61,2,'13r.jpg','Jalan Sehat 2013\r\n','admin04'),(62,2,'14r.jpg','Reuni FKKP 2011','admin04'),(63,2,'15r.jpg','Apotek Hidup 2012\r\n','admin04'),(64,1,'16r.jpg','Baksos Situ Gintung 2009','admin04'),(65,2,'17r.jpg','Baksos Situ Gintung 2009','admin04'),(66,2,'18r.jpg','Baksos Situ Gintung 2009','admin04'),(67,2,'19r.jpg','Baksos Situ Gintung 2009','admin04'),(68,2,'20r.jpg','Baksos Situ Gintung 2009','admin04'),(69,2,'21r.jpg','Baksos Situ Gintung 2009','admin04'),(70,2,'22r.jpg','17 Agustus 2009','admin04'),(71,2,'23r.jpg','17 Agustus 2006','admin04'),(72,2,'25r.jpg','Pelantikan Remaja 2016','admin04'),(73,2,'26r.jpg','Pelantikan Remaja 2016','admin04'),(74,2,'27r.jpg','Pelantikan Remaja 2016','admin04'),(75,2,'28r.jpg','Pelantikan Remaja 2016','admin04'),(76,2,'29r.jpg','Pelantikan Remaja 2016','admin04'),(77,2,'30r.jpg','Pelantikan Remaja 2016','admin04'),(78,2,'31r.jpg','Pelantikan Remaja 2016','admin04'),(79,2,'32r.jpg','Pelantikan Remaja 2016','admin04'),(80,2,'33r.jpg','Pelantikan Remaja 2016','admin04'),(81,2,'34r.jpg','Pelantikan Remaja 2016<','admin04'),(83,2,'36r.jpg','Pelantikan Remaja 2016','admin04'),(84,2,'37r.jpg','Pelantikan Remaja 2016','admin04'),(85,2,'38r.jpg','Pelantikan Remaja 2016','admin04'),(86,2,'39r.jpg','Pelantikan Remaja 2016','admin04'),(87,2,'40r.jpg','Pelantikan Remaja 2016','admin04'),(88,2,'41r.JPG','Panggung Hiburan','admin04'),(89,2,'42r.jpg','Rapat Sumpah Pemuda 2016','admin04'),(90,4,'1O.jpg','Tournamen Bulutangkis Depok Open 2010\r\n','admin04'),(91,4,'2O.JPG','Tournamen Bulutangkis Depok Open 2010','admin04'),(92,4,'3O.JPG','Jalan Sehat 2011','admin04'),(93,4,'4O.JPG','Jalan Sehat 2011','admin04'),(94,4,'5O.JPG','Jalan Sehat 2011','admin04'),(95,4,'6O.JPG','Jalan Sehat 2011','admin04'),(96,4,'7O.JPG','Jalan Sehat 2011\r\n','admin04'),(97,4,'8O.JPG','Jalan Sehat 2011','admin04'),(98,4,'9O.JPG','Jalan Sehat 2011\r\n','admin04'),(99,4,'10O.JPG','Jalan Sehat 2011','admin04'),(100,4,'11O.JPG','Jalan Sehat 2011','admin04'),(101,4,'12O.JPG','Jalan Sehat 2011','admin04'),(102,4,'13O.JPG','Jalan Sehat 2011','admin04'),(103,4,'14O.JPG','Jalan Sehat 2011','admin04'),(104,4,'15O.JPG','Jalan Sehat 2011','admin04'),(105,4,'16O.JPG','Jalan Sehat 2011','admin04'),(106,4,'17O.JPG','Jalan Sehat 2011','admin04'),(107,4,'t.php','Jalan Sehat 2011','admin04'),(108,4,'19O.JPG','Jalan Sehat 2011','admin04'),(109,4,'20O.JPG','Jalan Sehat 2011','admin04'),(110,4,'21O.jpg','Tournamen Bola anak-anak 2016','admin04'),(111,4,'22O.jpg','Tournamen Bola anak-anak 2016','admin04'),(112,4,'23O.jpg','Jalan Sehat 2016','admin04'),(113,4,'24O.jpg','Jalan Sehat 2016','admin04'),(114,4,'25O.jpg','Jalan Sehat 2016','admin04'),(115,4,'26O.jpg','Jalan Sehat 2016','admin04'),(116,4,'zonk.ex.phtml','Jalan Sehat 2016','admin04'),(123,3,'3A.JPG','Lomba Adzan Anak 2010','admin04'),(124,3,'10A.JPG','Lomba Adzan Anak 2010','admin04'),(125,3,'4A.JPG','Lomba Mewarnai 2011','admin04'),(126,3,'5A.JPG','Lomba Mewarnai 2011','admin04'),(127,3,'6A.JPG','Lomba Mewarnai 2011','admin04'),(128,3,'7A.JPG','Lomba Mewarnai 2011','admin04'),(129,3,'8A.JPG','Lomba Mewarnai 2011','admin04'),(130,3,'9A.JPG','Pengajian Remaja 2010','admin04'),(131,3,'11A.JPG','Lomba Adzan dewasa 2010','admin04'),(132,3,'12A.JPG','Idul Adha 2009','admin04'),(133,3,'13A.JPG','Idul Adha 2009','admin04'),(134,3,'14A.JPG','Idul Adha 2009','admin04'),(135,3,'16A.JPG','Idul Adha 2009','admin04'),(136,3,'17A.JPG','Idul Adha 2010','admin04'),(137,3,'18A.JPG','Idul Adha 2010','admin04'),(138,3,'19A.JPG','Idul Adha 2010','admin04'),(139,3,'20A.JPG','Idul Adha 2010','admin04'),(140,3,'21A.JPG','Idul Adha 2010','admin04'),(141,3,'22A.JPG','Idul Adha 2010','admin04'),(142,3,'23A.JPG',' Maulid Nabi Muhammad SAW 2009','admin04'),(143,3,'24A.JPG','Maulid Nabi Muhammad SAW 2009','admin04'),(144,3,'25A.JPG','Maulid Nabi Muhammad SAW 2009','admin04'),(145,3,'26A.JPG','Maulid Nabi Muhammad SAW 2009','admin04'),(146,3,'28A.JPG','Lomba Adzan anak 2010','admin04'),(147,3,'29A.JPG','Maulid Nabi Muhammad SAW 2014','admin04'),(148,3,'30A.JPG','Maulid Nabi Muhammad SAW 2014','admin04'),(149,3,'31A.JPG','Maulid Nabi Muhammad SAW 2014','admin04'),(150,3,'32A.JPG','Maulid Nabi Muhammad SAW 2014','admin04'),(151,3,'33A.JPG','Maulid Nabi Muhammad SAW 2014','admin04'),(152,3,'34A.JPG','Maulid Nabi Muhammad SAW 2014','admin04'),(153,3,'35A.JPG','Maulid Nabi Muhammad SAW 2014','admin04'),(154,3,'36A.JPG','Maulid Nabi Muhammad SAW 2014','admin04'),(155,3,'37A.JPG','Maulid Nabi Muhammad SAW 2014','admin04'),(156,3,'38A.JPG','Maulid Nabi Muhammad SAW 2014','admin04'),(157,3,'39A.JPG','Maulid Nabi Muhammad SAW 2014','admin04'),(158,3,'40A.JPG','Maulid Nabi Muhammad SAW 2014','admin04'),(159,3,'41A.JPG','Maulid Nabi Muhammad SAW 2014','admin04'),(160,3,'42A.JPG','Maulid Nabi Muhammad SAW 2014','admin04'),(161,3,'43A.JPG','Maulid Nabi Muhammad SAW 2014','admin04'),(162,3,'44A.JPG','Syukuran lapangan Bulutangkis 2010','admin04'),(163,3,'27A.JPG','Maulid Nabi Muhammad SAW 2009','admin04'),(164,3,'15A.JPG','Idul Adha 2009','admin04'),(182,3,'DSC_0477.JPG','Maulid Nabi Muhammad SAW 2017','admin04'),(183,3,'DSC_0513.JPG','Maulid Nabi Muhammad SAW 2017','admin04'),(184,3,'DSC_0530.JPG','Maulid Nabi Muhammad SAW 2017','admin04'),(185,3,'DSC_0534.JPG','Maulid Nabi Muhammad SAW 2017','admin04'),(186,3,'DSC_0547.JPG','Maulid Nabi Muhammad SAW 2017','admin04'),(187,3,'DSC_0541.JPG','Maulid Nabi Muhammad SAW 2017','admin04'),(188,3,'DSC_0555.JPG','Maulid Nabi Muhammad SAW 2017','admin04'),(189,3,'IMG_0237.JPG','Maulid Nabi Muhammad SAW 2017','admin04'),(192,3,'DSC_0608.JPG','Maulid Nabi Muhammad SAW 2017','admin04'),(195,3,'IMG_0244.JPG','Maulid Nabi Muhammad SAW 2017','admin04'),(193,3,'DSC_0664.JPG','Maulid Nabi Muhammad SAW 2017','admin04'),(194,3,'IMG_0346.JPG','Maulid Nabi Muhammad SAW 2017','admin04'),(196,3,'IMG_0483.JPG','Maulid Nabi Muhammad SAW 2017','admin04');

--
-- Table structure for table `kewarganegaraan`
--

CREATE TABLE `kewarganegaraan` (
  `id_kewarganegaraan` int(10) NOT NULL AUTO_INCREMENT,
  `nm_kewarganegaraan` varchar(3) NOT NULL,
  PRIMARY KEY (`id_kewarganegaraan`)
) ENGINE=MyISAM AUTO_INCREMENT=3 DEFAULT CHARSET=latin1;

--
-- Dumping data for table `kewarganegaraan`
--

INSERT INTO `kewarganegaraan` (`id_kewarganegaraan`, `nm_kewarganegaraan`) VALUES (1,'WNI'),(2,'WNA');

--
-- Table structure for table `komentar`
--

CREATE TABLE `komentar` (
  `id_komentar` int(10) NOT NULL AUTO_INCREMENT,
  `nik` varchar(17) NOT NULL,
  `komen_warga` text NOT NULL,
  `jawab_admin` text NOT NULL,
  `tanggal_komen` text NOT NULL,
  `jam_komen` text NOT NULL,
  `status` varchar(12) NOT NULL,
  `tanggal_balas` text NOT NULL,
  `jam_balas` text NOT NULL,
  `status_admin` varchar(10) NOT NULL,
  PRIMARY KEY (`id_komentar`)
) ENGINE=InnoDB AUTO_INCREMENT=7 DEFAULT CHARSET=latin1;

--
-- Dumping data for table `komentar`
--

INSERT INTO `komentar` (`id_komentar`, `nik`, `komen_warga`, `jawab_admin`, `tanggal_komen`, `jam_komen`, `status`, `tanggal_balas`, `jam_balas`, `status_admin`) VALUES (3,'Agus','Pelayannya memuaskan, kualitas terjamin dengan harga terjangkau','terimakasih','Kamis, 4 Juni 2020','09:32:47 am','TAMPILKAN','Kamis, 4 Juni 2020','09:33:49 am','admin04'),(4,'','TESTER AJA INI MAH GUYS','','Kamis, 4 Juni 2020','10:08:43 am','PROSES','PROSES','PROSES','admin04'),(5,'Ngetes','INI MAH TES AJA GAES','Terimakasih','Kamis, 4 Juni 2020','10:09:54 am','TAMPILKAN','Kamis, 4 Juni 2020','10:10:34 am','admin04'),(6,'diem','diem diem aja es','diem','Kamis, 4 Juni 2020','10:20:04 am','TAMPILKAN','Kamis, 4 Juni 2020','10:20:56 am','admin04');

--
-- Table structure for table `pekerjaan`
--

CREATE TABLE `pekerjaan` (
  `id_pekerjaan` int(10) NOT NULL AUTO_INCREMENT,
  `nm_pekerjaan` varchar(15) NOT NULL,
  PRIMARY KEY (`id_pekerjaan`)
) ENGINE=MyISAM AUTO_INCREMENT=9 DEFAULT CHARSET=latin1;

--
-- Dumping data for table `pekerjaan`
--

INSERT INTO `pekerjaan` (`id_pekerjaan`, `nm_pekerjaan`) VALUES (1,'PNS'),(2,'SWASTA'),(3,'TNI'),(4,'POLRI'),(5,'GURU'),(6,'WIRASWASTA'),(7,'BURUH'),(8,'TIDAK BEKERJA');

--
-- Table structure for table `pendidikan`
--

CREATE TABLE `pendidikan` (
  `id_pendidikan` int(10) NOT NULL AUTO_INCREMENT,
  `nm_pendidikan` varchar(20) NOT NULL,
  PRIMARY KEY (`id_pendidikan`)
) ENGINE=MyISAM AUTO_INCREMENT=92 DEFAULT CHARSET=latin1;

--
-- Dumping data for table `pendidikan`
--

INSERT INTO `pendidikan` (`id_pendidikan`, `nm_pendidikan`) VALUES (2,'TK'),(3,'SD'),(4,'SMP'),(5,'SMA'),(6,'D1'),(7,'D2'),(8,'D3'),(9,'S1'),(10,'S2'),(1,'BELUM SEKOLAH');

--
-- Table structure for table `penghuni`
--

CREATE TABLE `penghuni` (
  `id_penghuni` int(10) NOT NULL AUTO_INCREMENT,
  `nm_penghuni` varchar(20) NOT NULL,
  PRIMARY KEY (`id_penghuni`)
) ENGINE=MyISAM AUTO_INCREMENT=4 DEFAULT CHARSET=latin1;

--
-- Dumping data for table `penghuni`
--

INSERT INTO `penghuni` (`id_penghuni`, `nm_penghuni`) VALUES (1,'TETAP'),(2,'TIDAK TETAP');

--
-- Table structure for table `program_kerja`
--

CREATE TABLE `program_kerja` (
  `id_program_kerja` int(10) NOT NULL AUTO_INCREMENT,
  `isi_program_kerja` text NOT NULL,
  `tanggal_post_program_kerja` date NOT NULL,
  `status_admin` varchar(10) NOT NULL,
  PRIMARY KEY (`id_program_kerja`)
) ENGINE=MyISAM AUTO_INCREMENT=2 DEFAULT CHARSET=latin1;

--
-- Dumping data for table `program_kerja`
--

INSERT INTO `program_kerja` (`id_program_kerja`, `isi_program_kerja`, `tanggal_post_program_kerja`, `status_admin`) VALUES (1,'<h2>&nbsp;&nbsp;<strong> 1.&nbsp; Tertib Adminstrasi</strong></h2>\r\n\r\n<h2>&nbsp;&nbsp;&nbsp; Pendataan warga yang berstatus ngontrak rumah atau pendatang baru&nbsp; di wilayah Rt.04 harus wajib lapor dalam waktu 1 x 24 jam ( Berdasarkan Peraturan Daerah Kota Depok ), dan apabila diabaikan akan dilakukan tindakan administratif sesuai dengan hasil rapat seluruh warga Rt.04/05.</h2>\r\n\r\n<h2>&nbsp;</h2>\r\n\r\n<h2>&nbsp;&nbsp;&nbsp; <strong>2.&nbsp;&nbsp; Rohani</strong></h2>\r\n\r\n<ul style=\"list-style-type:circle\">\r\n	<li>\r\n	<h2>Melaksanakan acara Peringatan Hari Besar Islam.</h2>\r\n	</li>\r\n	<li>\r\n	<h2>Mengadakan Shalat Tarawih di Majelis Taklim Hidayatul Muttaqin pada Bulan Ramadhan.</h2>\r\n	</li>\r\n	<li>\r\n	<h2>Penerimaan dan Penyaluran Zakat Fitrah di Akhir Bulan Ramadhan.</h2>\r\n	</li>\r\n	<li>\r\n	<h2>Melaksanakan acara Halal Bihalal 1 Syawal bagi semua warga Rt.04/05 di Gedung Majelis Taklim HM.</h2>\r\n	</li>\r\n	<li>\r\n	<h2>Melakukan Qurban pada Hari Raya Iedul Adha.</h2>\r\n	</li>\r\n	<li>\r\n	<h2>Melakukan santunan Anak Yatim.</h2>\r\n	</li>\r\n	<li>\r\n	<h2>Pengajian Rutin warga Rt.04/05 pada setiap malam Senin&nbsp; ( untuk Bapak-bapak ) dan hari Selasa ( Ibu-ibu ).</h2>\r\n	</li>\r\n</ul>\r\n\r\n<h2>&nbsp;</h2>\r\n\r\n<h2>&nbsp;&nbsp;&nbsp; <strong>3.&nbsp;&nbsp; OlahRaga</strong></h2>\r\n\r\n<ul style=\"list-style-type:circle\">\r\n	<li>\r\n	<h2>Mengadakan latihan Bulutangkis bersama di lapangan PB.Tower.</h2>\r\n	</li>\r\n	<li>\r\n	<h2>Melaksanakan Jalan Sehat bersama pada acara Hari Sumpah Pemuda.</h2>\r\n	</li>\r\n	<li>\r\n	<h2>Mengadakan Turnamen Sepak Bola anak-anak di acara 17 Agustus.</h2>\r\n	</li>\r\n</ul>\r\n\r\n<h2>&nbsp;</h2>\r\n\r\n<h2>&nbsp;&nbsp;&nbsp;&nbsp; <strong>4.&nbsp;&nbsp; Kegiatan Rutin</strong></h2>\r\n\r\n<ul style=\"list-style-type:circle\">\r\n	<li>\r\n	<h2>Melaksanakan acara Hari Kemerdekaan 17 Agustus.</h2>\r\n	</li>\r\n	<li>\r\n	<h2>Melaksanakan acara Hari Sumpah Pemuda 28 Oktober.</h2>\r\n	</li>\r\n	<li>\r\n	<h2>Melakukan Kerja Bakti Sosial Kebersihan di wilayah Rt.04/05.</h2>\r\n	</li>\r\n	<li>\r\n	<h2>Mengadakan acara hiburan warga Family Gathering.</h2>\r\n	</li>\r\n</ul>\r\n\r\n<h2>&nbsp;</h2>\r\n\r\n<h2>&nbsp;&nbsp;&nbsp;&nbsp; <strong>5.&nbsp;&nbsp; Infrastruktur</strong></h2>\r\n\r\n<ul style=\"list-style-type:circle\">\r\n	<li>\r\n	<h2>Betonisasi jalan setapak sepanjang 100 m untuk arah TPU Ratujaya.</h2>\r\n	</li>\r\n	<li>\r\n	<h2>Betonisasi jalan setapak sepanjang 50 m di wilayah Barat Rt.04.</h2>\r\n	</li>\r\n	<li>\r\n	<h2>Pembuatan Gorong-gorong untuk saluran air di wilayah Utara Rt.04.</h2>\r\n	</li>\r\n	<li>\r\n	<h2>Perbaikan Fasilitas Umum lapangan bulutangkis.</h2>\r\n	</li>\r\n	<li>\r\n	<h2>Perbaikan Fasilitas Umum Gedung Serba guna Majelis Taklim Hidayatul Muttaqin.</h2>\r\n	</li>\r\n</ul>\r\n\r\n<h2>&nbsp;</h2>\r\n\r\n<h2>&nbsp;</h2>\r\n\r\n<h2>&nbsp;</h2>\r\n\r\n<h2><strong>&ldquo; </strong><strong>Penambahan hal-hal yang dianggap perlu akan dibahas melalui pertemuan seluruh warga Rt.04/05</strong><strong> &ldquo;</strong><strong>. </strong></h2>\r\n\r\n<h2>&nbsp;</h2>\r\n\r\n<h2>&nbsp;</h2>\r\n','2017-03-07','admin04');

--
-- Table structure for table `status_dasar`
--

CREATE TABLE `status_dasar` (
  `id_status_d` int(10) NOT NULL AUTO_INCREMENT,
  `nm_status_d` varchar(15) NOT NULL,
  PRIMARY KEY (`id_status_d`)
) ENGINE=MyISAM AUTO_INCREMENT=5 DEFAULT CHARSET=latin1;

--
-- Dumping data for table `status_dasar`
--

INSERT INTO `status_dasar` (`id_status_d`, `nm_status_d`) VALUES (1,'AKTIF'),(3,'MENINGGAL'),(2,'DOMISILI LUAR');

--
-- Table structure for table `status_hub`
--

CREATE TABLE `status_hub` (
  `id_status_hub` int(10) NOT NULL AUTO_INCREMENT,
  `nm_hubungan` varchar(20) NOT NULL,
  PRIMARY KEY (`id_status_hub`)
) ENGINE=MyISAM AUTO_INCREMENT=5 DEFAULT CHARSET=latin1;

--
-- Dumping data for table `status_hub`
--

INSERT INTO `status_hub` (`id_status_hub`, `nm_hubungan`) VALUES (1,'KEPALA KELUARGA'),(2,'ISTRI'),(3,'ANAK'),(4,'FAMILY');

--
-- Table structure for table `status_perkawinan`
--

CREATE TABLE `status_perkawinan` (
  `id_status_per` int(10) NOT NULL AUTO_INCREMENT,
  `nm_status_per` varchar(20) NOT NULL,
  PRIMARY KEY (`id_status_per`)
) ENGINE=MyISAM AUTO_INCREMENT=5 DEFAULT CHARSET=latin1;

--
-- Dumping data for table `status_perkawinan`
--

INSERT INTO `status_perkawinan` (`id_status_per`, `nm_status_per`) VALUES (1,'BELUM KAWIN'),(2,'KAWIN'),(3,'CERAI HIDUP'),(4,'CERAI MATI');

--
-- Table structure for table `status_rumah`
--

CREATE TABLE `status_rumah` (
  `id_status_r` int(10) NOT NULL AUTO_INCREMENT,
  `nm_status_r` varchar(20) NOT NULL,
  PRIMARY KEY (`id_status_r`)
) ENGINE=MyISAM AUTO_INCREMENT=4 DEFAULT CHARSET=latin1;

--
-- Dumping data for table `status_rumah`
--

INSERT INTO `status_rumah` (`id_status_r`, `nm_status_r`) VALUES (1,'SENDIRI'),(2,'KELUARGA'),(3,'KONTRAK');

--
-- Table structure for table `visi_misi`
--

CREATE TABLE `visi_misi` (
  `id_visi_misi` int(10) NOT NULL AUTO_INCREMENT,
  `isi_visi_misi` text NOT NULL,
  `tanggal_post_vimis` date NOT NULL,
  `status_admin` varchar(10) NOT NULL,
  PRIMARY KEY (`id_visi_misi`)
) ENGINE=MyISAM AUTO_INCREMENT=5 DEFAULT CHARSET=latin1;

--
-- Dumping data for table `visi_misi`
--

INSERT INTO `visi_misi` (`id_visi_misi`, `isi_visi_misi`, `tanggal_post_vimis`, `status_admin`) VALUES (1,'<h1><strong>VISI &amp; MISI</strong></h1>\r\n\r\n<h2><strong>Visi</strong></h2>\r\n\r\n<h2>Membangun masyarakat Rt.04/05 yang partisipatif dan berpengetahuan luas demi terwujudnya warga yang informatif.</h2>\r\n\r\n<h2>&nbsp;</h2>\r\n\r\n<h2><strong>Misi</strong></h2>\r\n\r\n<h2>Mengenalkan warga Rt.04/05 pada teknologi internet.</h2>\r\n\r\n<h2>Meningkatkan pengetahuan umum masyarakat dalam mengakses dan memanfaatkan informasi secara cepat dan tepat.</h2>\r\n\r\n<h2>Tertib administrasi untuk memelihara keamanan dan kenyamanan dalam masyarakat.</h2>\r\n\r\n<h2>Mengembangkan sistem Kominfo untuk database kependudukan berbasis internet dengan kemampuan lokal yang dapat bersaing tinggi dan ramah lingkungan.</h2>\r\n\r\n<p>&nbsp;</p>\r\n\r\n<h2><strong>Tujuan</strong></h2>\r\n\r\n<h2>Mengelola sumber daya manusia ( SDM ) di lingkungan Rt.04/05 secara optimal.</h2>\r\n\r\n<h2>Mewujudkan tata kelola informasi data yang cepat, tepat dan aman.</h2>\r\n\r\n<h2>Pengembangan Komputerisasi sistem data yang terpadu agar menjadi nilai tambah kualitas kehidupan masyarakat di Rt.04/05 Ratujaya.</h2>\r\n\r\n<h2>Meningkatkan partisipasi publik terhadap informasi.</h2>\r\n\r\n<h2>Meningkatkan pelayanan masyarakat sebagai peran serta kita dalam menunjang program <em><strong>Depok Cyber</strong></em>.</h2>\r\n\r\n<p>&nbsp;</p>\r\n\r\n<h2><strong>Pengurus Rt.04/05</strong></h2>\r\n\r\n<table border=\"1\" cellpadding=\"1\" cellspacing=\"1\" style=\"height:928px; width:589px\">\r\n	<tbody>\r\n		<tr>\r\n			<td>\r\n			<h3>&nbsp;Ketua</h3>\r\n			</td>\r\n			<td>\r\n			<h3>&nbsp;Mursyid Latief</h3>\r\n			</td>\r\n		</tr>\r\n		<tr>\r\n			<td>\r\n			<h3>&nbsp;Sekretaris</h3>\r\n			</td>\r\n			<td>\r\n			<h3>&nbsp;Ahmad Darmanto</h3>\r\n			</td>\r\n		</tr>\r\n		<tr>\r\n			<td>\r\n			<h3>&nbsp;Seksi SDM &nbsp;</h3>\r\n			</td>\r\n			<td>\r\n			<h3>&nbsp;Agus Sunjaya</h3>\r\n			</td>\r\n		</tr>\r\n		<tr>\r\n			<td>\r\n			<h3>&nbsp;Seksi Kepemudaan&nbsp;</h3>\r\n			</td>\r\n			<td>\r\n			<h3>&nbsp;Irwan Fauzy</h3>\r\n\r\n			<h3>&nbsp;David</h3>\r\n\r\n			<h3>&nbsp;Abdulrohman</h3>\r\n			</td>\r\n		</tr>\r\n		<tr>\r\n			<td>\r\n			<h3>&nbsp;Seksi Rohani&nbsp;</h3>\r\n			</td>\r\n			<td>\r\n			<h3>&nbsp;Aripin</h3>\r\n\r\n			<h3>&nbsp;Roazah Ipnati</h3>\r\n			</td>\r\n		</tr>\r\n		<tr>\r\n			<td>\r\n			<h3>&nbsp;Seksi Olahraga</h3>\r\n			</td>\r\n			<td>\r\n			<h3>&nbsp;Sunandar</h3>\r\n\r\n			<h3>&nbsp;Prayitno Adi</h3>\r\n			</td>\r\n		</tr>\r\n		<tr>\r\n			<td>\r\n			<h3>&nbsp;Seksi Pembangunan &nbsp;</h3>\r\n			</td>\r\n			<td>\r\n			<h3>&nbsp;Kusno W</h3>\r\n\r\n			<h3>&nbsp;Abidin</h3>\r\n			</td>\r\n		</tr>\r\n		<tr>\r\n			<td>\r\n			<h3>&nbsp;Seksi Humas &nbsp;&nbsp;</h3>\r\n			</td>\r\n			<td>\r\n			<h3>&nbsp;Edwar</h3>\r\n			</td>\r\n		</tr>\r\n		<tr>\r\n			<td>\r\n			<h3>&nbsp;Seksi Keamanan</h3>\r\n			</td>\r\n			<td>\r\n			<h3>&nbsp;Sarudin</h3>\r\n\r\n			<h3>&nbsp;Rusman</h3>\r\n			</td>\r\n		</tr>\r\n		<tr>\r\n			<td>\r\n			<h3>&nbsp;Koor.Ibu PKK&nbsp;</h3>\r\n			</td>\r\n			<td>\r\n			<h3>&nbsp;Ibu Sarwati</h3>\r\n			</td>\r\n		</tr>\r\n		<tr>\r\n			<td>\r\n			<h3>&nbsp;Ketua Remaja</h3>\r\n			</td>\r\n			<td>\r\n			<h3>&nbsp;Achmad Syarief.</h3>\r\n			</td>\r\n		</tr>\r\n	</tbody>\r\n</table>\r\n\r\n<p>&nbsp;</p>\r\n\r\n<h1><strong>Data Umum</strong></h1>\r\n\r\n<p>&nbsp;</p>\r\n\r\n<h2><strong>Batasan Wilayah</strong></h2>\r\n\r\n<h2>Batas Utara&nbsp;&nbsp;&nbsp;&nbsp;&nbsp;&nbsp;&nbsp;&nbsp;&nbsp;&nbsp;&nbsp;&nbsp;&nbsp;&nbsp; : Rt.02</h2>\r\n\r\n<h2>Batas Selatan&nbsp;&nbsp;&nbsp;&nbsp;&nbsp;&nbsp;&nbsp;&nbsp;&nbsp;&nbsp; : Rt.03 dan Rt.08.</h2>\r\n\r\n<h2>Batas Timur&nbsp;&nbsp;&nbsp;&nbsp;&nbsp;&nbsp;&nbsp;&nbsp;&nbsp;&nbsp;&nbsp;&nbsp;&nbsp;&nbsp; : Rt.07 dan Rt.08.</h2>\r\n\r\n<h2>Batas Barat&nbsp;&nbsp;&nbsp;&nbsp;&nbsp;&nbsp;&nbsp;&nbsp;&nbsp;&nbsp;&nbsp;&nbsp;&nbsp;&nbsp;&nbsp; : kali Baru Jalan Raya Citayam.</h2>\r\n\r\n<p>&nbsp;</p>\r\n\r\n<h2><strong>Prestasi</strong></h2>\r\n\r\n<h2>Juara Bulutangkis Tingkat Rw.05 sebanyak 2x pada Tahun 2004 dan 2010.</h2>\r\n\r\n<h2>Juara 2 kebersihan tingkat Kelurahan Ratujaya.</h2>\r\n\r\n<h2>Juara 1 Turnamen Bulutangkis anak-anak Tingkat Kelurahan Ratujaya.</h2>\r\n\r\n<h2>Juara 1 Turnamen Bulutangkis Ganda Putra se-RW.05 Tahun 2015.</h2>\r\n\r\n<h2>Juara 1 Turnamen Sepak Bola Kecil se-RW.05 Tahun 2009.</h2>\r\n\r\n<p>&nbsp;</p>\r\n\r\n<h2><strong>Fasilitas umum dan Pemerintahan</strong></h2>\r\n\r\n<h2>Kantor kelurahan Ratujaya.</h2>\r\n\r\n<h2>Kantor Rw.05 dan Posyandu.</h2>\r\n\r\n<h2>Gedung Serba guna Majelis Taklim Hidayatul Muttaqin.</h2>\r\n\r\n<h2>Lapangan Bulutangkis PB. Tower 45.</h2>\r\n\r\n<h2>Lahan kosong PLN.</h2>\r\n','2017-03-13','admin04'),(4,'<p><strong>Visi dan Misi Pinang Lima News.</strong></p>\r\n\r\n<p><strong>( CV.Mutiara Teknik Corp.)</strong></p>\r\n\r\n<p>Visi :&nbsp;Menjadi acuan dalam usaha meningkatkan kebebasan publik untuk berpikir dan berpendapat dalam Dunia Usaha serta membangun peradaban yang menghargai kecerdasan dan perbedaan Antar Sesama.</p>\r\n\r\n<p>Misi</p>\r\n\r\n<ol>\r\n	<li>Menghasilkan produk Usaha dan multimedia yang independen dan corp,bebas dari segala tekanan dengan menampung dan menyalurkan secara adil suara yang berbeda-beda.</li>\r\n	<li>Menghasilkan produk Usaha dan multimedia bermutu tinggi dan berpegang pada kode etik.</li>\r\n	<li>Menjadi Lembaga yang sehat dan menyejahterakan serta mencerminkan keragaman Indonesia,Berasaskan Pancasila.</li>\r\n	<li>Memiliki proses kerja yang menghargai dan memberi nilai tambah kepada semua pemangku kepentingan,dan dapat memberikan produksi untuk pemberdayaan masyarakan Lokal dan Luas.</li>\r\n	<li>Menjadi lahan kegiatan yang memperkaya khazanah Keislaman yang artistik, intelektual, dan dunia bisnis melalui pengingkatan ide-ide baru, bahasa, dan tampilan visual yang baik.</li>\r\n	<li>Menjadi pemimpin pasar dalam bisnis,multemedia dan pendukungnya.</li>\r\n</ol>\r\n\r\n<h2>&nbsp;</h2>\r\n','2020-06-11','adminirmus');

--
-- Dumping events for database 'pinangli_db'
--

--
-- Dumping routines for database 'pinangli_db'
--


